{"id":182,"date":"2025-12-02T22:12:43","date_gmt":"2025-12-02T22:12:43","guid":{"rendered":"https:\/\/aromandala.com\/?post_type=product&#038;p=182"},"modified":"2025-12-02T22:22:21","modified_gmt":"2025-12-02T22:22:21","slug":"bombka-szydelkowa-8-cm","status":"publish","type":"product","link":"https:\/\/aromandala.com\/?product=bombka-szydelkowa-8-cm","title":{"rendered":"Bombka  Szyde\u0142kowa (8 cm)"},"content":{"rendered":"<blockquote><p>Unikalny Akcent Rzemios\u0142a<\/p><\/blockquote>\n<p>Ka\u017cda nasza bombka to ma\u0142e dzie\u0142o sztuki, stworzone z pasj\u0105 i precyzj\u0105. Delikatny, misternie wykonany splot szyde\u0142kowy nadaje jej <strong>niepowtarzalny charakter<\/strong> i ciep\u0142o, kt\u00f3rego brakuje masowym ozdobom. To idealny wyb\u00f3r dla tych, kt\u00f3rzy ceni\u0105 <strong>r\u0119kodzie\u0142o<\/strong> i szukaj\u0105 ozd\u00f3b z dusz\u0105.<\/p>\n<p>Dlaczego Wybra\u0107 Nasz\u0105 Bombk\u0119?<\/p>\n<ul>\n<li><strong>Wyj\u0105tkowa lekkstwoo\u015b\u0107 i bezpiecze\u0144stwo<\/strong>: Dzi\u0119ki <strong>akrylowemu wype\u0142nieniu<\/strong> bombka jest niezwykle lekka i odporna na st\u0142uczenia, co czyni j\u0105 idealn\u0105 ozdob\u0105 na choink\u0119, zw\u0142aszcza w domasz z ma\u0142ymi dzie\u0107mi lub zwierz\u0119tami.<\/li>\n<li><strong>Idealny rozmiar<\/strong>: \u015arednica 8 cm sprawia, \u017ce jest widoczna, ale nie innych ozd\u00f3b, pi\u0119knie komponuj\u0105c si\u0119 zar\u00f3wno na ma\u0142ych, jak i du\u017cych drzewkach.<\/li>\n<li><strong>Trwa\u0142o\u015b\u0107 koloru<\/strong>: Urzyta nitka bawe\u0142niana jest trwa\u0142a i zachowuje intensywno\u015b\u0107 koloru na wiele sezon\u00f3w.<\/li>\n<li><strong>Uniwersalna dekoracja<\/strong>: Doskonale spradza si\u0119 jako element dekoracji <strong>w stylu skandynawskim, rustykalnym<\/strong> lub <strong>vintyge<\/strong>, dodaj\u0105c wn\u0119trzu przytulnego, domowego charakteru.<\/li>\n<\/ul>\n<p>Specyfikacje Produktu<\/p>\n<ul>\n<li><strong>Materia\u0142 zewn\u0119trzny<\/strong>: Wysokiej jako\u015bci kordonek.<\/li>\n<li><strong>Wype\u0142nienie<\/strong>: Antyalergiczne, lekkie wype\u0142nienie akrylowe.<\/li>\n<li><strong>\u015arednica<\/strong>: 8 cm.<\/li>\n<li><strong>Technika<\/strong>: R\u0119cznie szyde\u0142kowanie.<\/li>\n<li><strong>Zastosowanie<\/strong>: ozdoba choinkowa, dekoracja \u015bwi\u0105teczna.<\/li>\n<\/ul>\n","protected":false},"excerpt":{"rendered":"<p>Odkryj magi\u0119 \u015bwi\u0105t z nasz\u0105 wyj\u0105tkow\u0105, r\u0119cznie wykonan\u0105 bombk\u0119 na szyde\u0142ku. Ma 8 cm \u015brednicy na wk\u0142adzie akrylowym, co gwarantuje jej lekko\u015b\u0107, trwa\u0142o\u015b\u0107 i bezpiecze\u0144stwo. Idealna, by wnie\u015b\u0107 ciep\u0142o i styl boho\/vintage do Twojej \u015bwi\u0105tecznej dekoracji.<\/p>\n","protected":false},"featured_media":171,"comment_status":"open","ping_status":"closed","template":"","meta":[],"product_brand":[],"product_cat":[36],"product_tag":[51,49,47,48,46,44,45,41,40,43,42,50],"class_list":{"0":"post-182","1":"product","2":"type-product","3":"status-publish","4":"has-post-thumbnail","6":"product_cat-boze-narodzenie","7":"product_tag-8-m-bauble","8":"product_tag-boho-styl","9":"product_tag-chrismas-ornament","10":"product_tag-christmas-gift","11":"product_tag-crochet-ornament","12":"product_tag-crocheted","13":"product_tag-handcraft","14":"product_tag-handmade","15":"product_tag-rekodzielo","16":"product_tag-styl-boho","17":"product_tag-szydelko","18":"product_tag-tree-ornament","20":"first","21":"instock","22":"shipping-taxable","23":"purchasable","24":"product-type-simple"},"_links":{"self":[{"href":"https:\/\/aromandala.com\/index.php?rest_route=\/wp\/v2\/product\/182","targetHints":{"allow":["GET"]}}],"collection":[{"href":"https:\/\/aromandala.com\/index.php?rest_route=\/wp\/v2\/product"}],"about":[{"href":"https:\/\/aromandala.com\/index.php?rest_route=\/wp\/v2\/types\/product"}],"replies":[{"embeddable":true,"href":"https:\/\/aromandala.com\/index.php?rest_route=%2Fwp%2Fv2%2Fcomments&post=182"}],"wp:featuredmedia":[{"embeddable":true,"href":"https:\/\/aromandala.com\/index.php?rest_route=\/wp\/v2\/media\/171"}],"wp:attachment":[{"href":"https:\/\/aromandala.com\/index.php?rest_route=%2Fwp%2Fv2%2Fmedia&parent=182"}],"wp:term":[{"taxonomy":"product_brand","embeddable":true,"href":"https:\/\/aromandala.com\/index.php?rest_route=%2Fwp%2Fv2%2Fproduct_brand&post=182"},{"taxonomy":"product_cat","embeddable":true,"href":"https:\/\/aromandala.com\/index.php?rest_route=%2Fwp%2Fv2%2Fproduct_cat&post=182"},{"taxonomy":"product_tag","embeddable":true,"href":"https:\/\/aromandala.com\/index.php?rest_route=%2Fwp%2Fv2%2Fproduct_tag&post=182"}],"curies":[{"name":"wp","href":"https:\/\/api.w.org\/{rel}","templated":true}]}}