{"id":139,"date":"2025-09-19T15:48:59","date_gmt":"2025-09-19T14:48:59","guid":{"rendered":"https:\/\/aromandala.com\/?post_type=product&#038;p=139"},"modified":"2025-09-19T15:48:59","modified_gmt":"2025-09-19T14:48:59","slug":"torebka-plaster-miodu","status":"publish","type":"product","link":"https:\/\/aromandala.com\/?product=torebka-plaster-miodu","title":{"rendered":"Torebka &#8222;Plaster miodu&#8221;"},"content":{"rendered":"<blockquote><p>Torebka szyde\u0142kowa w odcieniach br\u0105zu i bordo<\/p><\/blockquote>\n<p>\u200bPrzedstawiamy r\u0119cznie robion\u0105 torebk\u0119, kt\u00f3ra \u0142\u0105czy naturalny urok z eleganckim designem. Ta wyj\u0105tkowa torebka, wykonana z grubego, bawe\u0142nianego sznurka, ma pi\u0119kny br\u0105zowy korpus i kontrastuj\u0105c\u0105, stylow\u0105 bordow\u0105 klapk\u0119 oraz pasek.<br \/>\n\u200bJej kompaktowe, ale praktyczne wymiary sprawiaj\u0105, \u017ce idealnie nadaje si\u0119 na co dzie\u0144. Bez problemu zmie\u015bcisz w niej wszystkie niezb\u0119dne rzeczy.<br \/>\n\u200bKa\u017cdy \u015bcieg zosta\u0142 wykonany z dba\u0142o\u015bci\u0105 o detale, co gwarantuje nie tylko estetyczny wygl\u0105d, ale tak\u017ce trwa\u0142o\u015b\u0107. Ta torebka to \u015bwietny dodatek dla ka\u017cdej kobiety, kt\u00f3ra ceni sobie unikalne, r\u0119cznie robione akcesoria.<\/p>\n<p>Materia\u0142: korpus ze sznurka bawe\u0142nianego 3 mm, klapka z eko &#8211; sk\u00f3ry<\/p>\n<p>Kolor: czerwony (eko &#8211; sk\u00f3ra), kawa z mlekiem (korpus)<\/p>\n<p>Pasek: czerwony z eko &#8211; sk\u00f3ry<\/p>\n<p>Wymiary: szeroko\u015b\u0107 28 cm, wysoko\u015b\u0107 17 cm, g\u0142\u0119boko\u015b\u0107 10 cm<\/p>\n<p>Wykonanie: R\u0119cznie robiona<\/p>\n<p>&nbsp;<\/p>\n","protected":false},"excerpt":{"rendered":"<p>Torebka szyde\u0142kowa w odcieniach br\u0105zu i bordo \u200bPrzedstawiamy r\u0119cznie robion\u0105 torebk\u0119, kt\u00f3ra \u0142\u0105czy naturalny urok z eleganckim designem. Ta wyj\u0105tkowa torebka, wykonana z grubego, bawe\u0142nianego sznurka, ma pi\u0119kny br\u0105zowy korpus i kontrastuj\u0105c\u0105, stylow\u0105 bordow\u0105 klapk\u0119 oraz pasek. \u200bJej kompaktowe, ale praktyczne wymiary sprawiaj\u0105, \u017ce idealnie nadaje si\u0119 na co dzie\u0144. Bez problemu zmie\u015bcisz w niej &hellip; <\/p>\n","protected":false},"featured_media":141,"comment_status":"open","ping_status":"closed","template":"","meta":[],"product_brand":[],"product_cat":[18],"product_tag":[35,34,19],"class_list":{"0":"post-139","1":"product","2":"type-product","3":"status-publish","4":"has-post-thumbnail","6":"product_cat-torebki","7":"product_tag-bawelna","8":"product_tag-czerwony","9":"product_tag-torebka","10":"product_shipping_class-medium-srednia","12":"first","13":"instock","14":"shipping-taxable","15":"purchasable","16":"product-type-simple"},"_links":{"self":[{"href":"https:\/\/aromandala.com\/index.php?rest_route=\/wp\/v2\/product\/139","targetHints":{"allow":["GET"]}}],"collection":[{"href":"https:\/\/aromandala.com\/index.php?rest_route=\/wp\/v2\/product"}],"about":[{"href":"https:\/\/aromandala.com\/index.php?rest_route=\/wp\/v2\/types\/product"}],"replies":[{"embeddable":true,"href":"https:\/\/aromandala.com\/index.php?rest_route=%2Fwp%2Fv2%2Fcomments&post=139"}],"wp:featuredmedia":[{"embeddable":true,"href":"https:\/\/aromandala.com\/index.php?rest_route=\/wp\/v2\/media\/141"}],"wp:attachment":[{"href":"https:\/\/aromandala.com\/index.php?rest_route=%2Fwp%2Fv2%2Fmedia&parent=139"}],"wp:term":[{"taxonomy":"product_brand","embeddable":true,"href":"https:\/\/aromandala.com\/index.php?rest_route=%2Fwp%2Fv2%2Fproduct_brand&post=139"},{"taxonomy":"product_cat","embeddable":true,"href":"https:\/\/aromandala.com\/index.php?rest_route=%2Fwp%2Fv2%2Fproduct_cat&post=139"},{"taxonomy":"product_tag","embeddable":true,"href":"https:\/\/aromandala.com\/index.php?rest_route=%2Fwp%2Fv2%2Fproduct_tag&post=139"}],"curies":[{"name":"wp","href":"https:\/\/api.w.org\/{rel}","templated":true}]}}